2, what is -11011000001000011 + -1001?
-11011000001001100
In base 10, what is 0 + 130294855?
130294855
In base 13, what is 61 - 16c19?
-16b88
In base 10, what is 1 - 4242968?
-4242967
In base 11, what is 20922079 + 2?
20922080
In base 2, what is -1100100001110110110111011 - -101?
-1100100001110110110110110
In base 4, what is -331 + -2010103211?
-2010110202
In base 9, what is 27710 + -2136?
25563
In base 3, what is 2210201211021022 - -10?
2210201211021102
In base 9, what is 505685 - 3862?
501723
In base 4, what is -231 + 312001333020?
312001332123
In base 6, what is 310215 - 112400?
153415
In base 8, what is 140254 + 435?
140711
In base 8, what is 6 - -3136017?
3136025
In base 3, what is 20001122200112 - 1?
20001122200111
In base 4, what is 2332 + -203020132?
-203011200
In base 8, what is -10046 - 4455?
-14523
In base 9, what is 4 - 415376415?
-415376411
In base 16, what is -46a - -1cd5a?
1c8f0
In base 7, what is 3 - 621426223?
-621426220
In base 14, what is -190c4 - -22a?
-18c98
In base 7, what is 33322 + -150536?
-114214
In base 16, what is -3 - -760703?
760700
In base 13, what is 154a88b2 + -5?
154a88aa
In base 10, what is 38 + 561045?
561083
In base 15, what is -8 - 1b5599?
-1b55a2
In base 12, what is 3350 + 2836?
5b86
In base 3, what is 22 - 1010000121211211?
-1010000121211112
In base 13, what is -20a69 - 38b?
-21127
In base 13, what is -89508c8 + -7?
-8950902
In base 10, what is -21 + 1619892?
1619871
In base 15, what is -83 - 9b222?
-9b2a5
In base 8, what is -121776 + -26653?
-150651
In base 7, what is 4 + -5015212?
-5015205
In base 11, what is -2418a065 - -8?
-2418a058
In base 6, what is -5 - 104543545221?
-104543545230
In base 9, what is -1447387 + 2?
-1447385
In base 9, what is -2 - -504224?
504222
In base 16, what is 1aff - -996?
2495
In base 8, what is -262 + 37054?
36572
In base 8, what is -172024524 - 4?
-172024530
In base 10, what is 294 + 404378?
404672
In base 2, what is -111101 + -101100011111110?
-101100100111011
In base 4, what is 30 + 212321000?
212321030
In base 5, what is -43343243 + 220?
-43343023
In base 9, what is -2 + -140086774?
-140086776
In base 2, what is 0 + -111000100101110111110011110?
-111000100101110111110011110
In base 9, what is 18828746 - -1?
18828747
In base 10, what is 5994 + 6819?
12813
In base 10, what is 108798 - 50?
108748
In base 11, what is -3 + 780206?
780203
In base 15, what is 3 + -e2a120?
-e2a11c
In base 10, what is -11858 + -30519?
-42377
In base 3, what is -10211020111 - 1011?
-10211021122
In base 7, what is -265206135 - 5?
-265206143
In base 5, what is 202241022144 - -2?
202241022201
In base 15, what is -1 + 2be8?
2be7
In base 14, what is c + -22c63?
-22c55
In base 16, what is 4 + -180626a?
-1806266
In base 4, what is -2222323122000 + -203?
-2222323122203
In base 13, what is 608c240 - 8?
608c235
In base 7, what is 40256 - -53165?
123454
In base 9, what is 138484 + -114?
138370
In base 7, what is 23 + -15535603?
-15535550
In base 11, what is 4844a115 + -5?
4844a110
In base 11, what is -9367 + -2475?
-10831
In base 4, what is -3 + -13132323122112?
-13132323122121
In base 9, what is -143771 + -226?
-144107
In base 16, what is a - 1c5ba1?
-1c5b97
In base 13, what is 1c - 3c7a9?
-3c78a
In base 5, what is -1 - -120110113433?
120110113432
In base 6, what is 13254151 - -524?
13255115
In base 12, what is 258 - -2475?
2711
In base 14, what is -2 + 1675cb2?
1675cb0
In base 8, what is 1155420 + 436?
1156056
In base 4, what is 230033 - -2023323?
2320022
In base 3, what is 11010200112102 + 20?
11010200112122
In base 4, what is -11 - -33031201233?
33031201222
In base 4, what is -11130201 + 20233?
-11103302
In base 14, what is 0 - -c9c69?
c9c69
In base 3, what is 12 + -11012012001002?
-11012012000220
In base 8, what is 652466 - -74?
652562
In base 10, what is -103132257 + 3?
-103132254
In base 4, what is -3213 + -12323223311?
-12323233130
In base 14, what is -a - -c908?
c8dc
In base 11, what is -535 - -a4a1?
9a67
In base 16, what is 2062f + 422?
20a51
In base 7, what is 24 - -141322532?
141322556
In base 13, what is 54b + -55996?
-55448
In base 3, what is -200122121 - 111121?
-201011012
In base 10, what is 27127 - 982?
26145
In base 8, what is -310042552 - -6?
-310042544
In base 6, what is 2 - 1414131322?
-1414131320
In base 6, what is -5 + 3335250501?
3335250452
In base 15, what is 32512 + -1bc2?
30840
In base 13, what is -1a + -367c53?
-367c70
In base 13, what is 6a7a - 301a?
3a60
In base 6, what is 150223302 + -35?
150223223
In base 4, what is -113 - 102113000202?
-102113000321
In base 12, what is 4 - 79829679?
-79829675
In base 3, what is 1122002210100002 - 121?
1122002210022111
In base 3, what is 211 + -2200021221202?
-2200021220221
In base 9, what is -2862206 + -405?
-2862612
In base 13, what is -a0a + -74396?
-750a3
In base 5, what is 331343220 - -13?
331343233
In base 2, what is 1010101100 - 10000110001001010?
-10000100110011110
In base 7, what is -4 + -102324234?
-102324241
In base 11, what is -3 - -91583430?
91583428
In base 8, what is 522042 + 673?
522735
In base 10, what is 16 + -701868?
-701852
In base 12, what is 382792 - -108?
38289a
In base 13, what is 94c505 - -a?
94c512
In base 5, what is -13 + 2324102111?
2324102043
In base 7, what is -2 - -16205624?
16205622
In base 14, what is 9 - aca7c4?
-aca7b9
In base 8, what is -3670 - -10635?
4745
In base 14, what is dbb65 - -102?
dbc67
In base 4, what is 12322 - 2232?
10030
In base 7, what is 12010631 + 1552?
12012513
In base 11, what is 51417071 + -1?
51417070
In base 9, what is 333 - -65370?
65713
In base 8, what is -650 - 205470?
-206340
In base 3, what is 1111011 - -110100002020?
110101120101
In base 5, what is 10120 + -1311134?
-1301014
In base 7, what is -220116063 - -20?
-220116043
In base 8, what is -7411 + -57201?
-66612
In base 15, what is a + -3711ba3?
-3711b98
In base 10, what is 1030 + -24000?
-22970
In base 3, what is 101121020 - -1011?
101122101
In base 10, what is 2 + -805452?
-805450
In base 6, what is -104234 - -1241?
-102553
In base 13, what is 7b8536 - 3?
7b8533
In base 14, what is 2 - 129a2?
-129a0
In base 10, what is -2445306 + 116?
-2445190
In base 5, what is -333332 + -221234?
-1110121
In base 5, what is 4233300 + 42304?
4331104
In base 9, what is 545167 - -25?
545203
In base 9, what is 8803 - 440?
8353
In base 13, what is -38447 + 3cc?
-38048
In base 8, what is -1372340 + 40?
-1372300
In base 3, what is 1122210 - 1101001?
21202
In base 8, what is 1504402 + -300?
1504102
In base 8, what is -236 + -1674122?
-1674360
In base 8, what is -211665317 + 3?
-211665314
In base 11, what is 274993 + 43?
274a26
In base 15, what is 632b + -43b?
5de0
In base 6, what is -2 - 10505351?
-10505353
In base 15, what is -155956 - 139?
-155a90
In base 5, what is -20 - 11130030322?
-11130030342
In base 13, what is 286a8 + 9c?
28777
In base 2, what is -1111010010111001110110111000 - -100?
-1111010010111001110110110100
In base 11, what is 151 - a4673?
-a4522
In base 11, what is 1309374 - 1a?
1309355
In base 2, what is 11111111110011000101101110 - -1?
11111111110011000101101111
In base 11, what is 30709 + -a61?
2a758
In base 4, what is 330033313033 + 10?
330033313103
In base 11, what is 6 - -72399648?
72399653
In base 5, what is -4122 + -402224133?
-402233310
In base 12, what is -6 - -256114?
25610a
In base 15, what is 0 - -119693e4?
119693e4
In base 8, what is -2431 - 52642?
-55273
In base 8, what is -4 - -2520300?
2520274
In base 8, what is 3 + 221346044?
221346047
In base 9, what is 1445 + -7481?
-6035
In base 10, what is -133 - 93064?
-93197
In base 6, what is -420 + 31403334?
31402514
In base 15, what is -18b78e + 18?
-18b776
In base 3, what is -22001102112112 + 100?
-22001102112012
In base 12, what is 3 + -305442a2?
-3054429b
In base 8, what is 4 - 16345521?
-16345515
In base 10, what is 1264567 + 6?
1264573
In base 8, what is -10551723 - -3?
-10551720
In base 8, what is -221570471 - -53?
-221570416
In base 9, what is -53 - 1210871?
-1211034
In base 12, what is -1535b80 - 5b?
-153601b
In base 4, what is 12310 - 23233313?
-23221003
In base 13, what is 7b447 + 85?
7b4cc
In base 5, what is -4 + 3111410132?
3111410123
In base 3, what is -211020120102 + -212212?
-211021110021
In base 2, what is -1001011011101011100010100 + -1010010?
-100101101